d r.
21
Let g(o) = 2*o + 15. Let z(n) = -n - 1. Let a(t) = -g(t) + 5*z(t). Let m be a(-8). What is the greatest common factor of 81 and m?
9
Let y = -148 + -69. Let s = y + 433. What is the greatest common divisor of 135 and s?
27
Let r = -38097 - -38111. Let x be (-6)/(-27) - (-2768)/18. Calculate the highest common factor of x and r.
14
Let y(g) = g**3 + 24*g**2 + 78*g - 12. Let l be y(-5). What is the highest common divisor of l and 3869?
73
Suppose 5*o - 8*o = 5*i - 374, -5*i = -4*o - 353. Let q be 1 - ((-8 - i) + (-6 - -2)). What is the greatest common factor of 43 and q?
43
Let i = 158228 + -158123. Let t = 70 + -28. Calculate the greatest common divisor of i and t.
21
Let k(l) = -l**3 + 5*l**2 + 41*l - 19. Let c be k(9). Let z(y) = -18*y + 6. Let r be z(-4). Calculate the highest common factor of c and r.
26
Let r be (23 - 5)*6 + -4. Let f = -98 + r. Let q be (2 - 28/8)/((-4)/304). Calculate the greatest common divisor of f and q.
6
Let i(p) = -188*p - 2470. Let f be i(-22). Calculate the highest common factor of f and 255.
17
Suppose 528 = 4*n + 5*s - 247, n - 178 = 4*s. Suppose -n + 1414 = 17*t. Let c(z) = z + 48. Let r be c(0). Calculate the highest common factor of r and t.
24
Let r be (-8 + 670/(-20))*((-8)/4 + -6). Calculate the highest common factor of 2822 and r.
166
Suppose -42713 = -172*y + 50167. Calculate the greatest common factor of y and 220.
20
Let v(q) = 2*q**3 - 3*q + 90. Let i be v(0). Suppose -63*f = -61*f - i. Calculate the highest common factor of f and 360.
45
Let a = 138 - 128. Suppose -14 = a*c - 12*c. Suppose 56 = u + c*u. What is the greatest common factor of 161 and u?
7
Let z = -5519 - -5610. What is the highest common divisor of z and 2886?
13
Suppose 4*j + 4*v - 33296 = 0, 33*j - 30*j - 24973 = -4*v. Suppose -803 = -39*w + j. What is the greatest common divisor of w and 65?
13
Let c(r) be the first derivative of r**3/3 + 3*r**2/2 + 15*r + 30. Let a be c(0). What is the greatest common factor of a and 6?
3
Let d(s) = -s**3 - 44*s**2 + 41*s - 10. Let w be d(-45). Calculate the greatest common divisor of 10 and w.
10
Let a(o) be the third derivative of o**5/30 + o**4/6 + 28*o**3/3 - 45*o**2. Let c be a(0). Calculate the highest common factor of 40 and c.
8
Let y be (-45 - 299)*((-198)/12)/(6/5). Calculate the highest common divisor of y and 165.
55
Suppose 0 = 4*n + 5*x - 163, 4*n = -300*x + 304*x + 136. What is the greatest common divisor of n and 629?
37
Let f be (50/(-105)*36/(-15))/((-4)/(-14)). What is the highest common factor of f and 606?
2
Let c = -2237 + 2297. What is the greatest common factor of 648 and c?
12
Let l = -319 - -427. What is the greatest common divisor of l and 1332?
36
Suppose 0*n + 3*n - 24 = -3*q, -3*n + 2*q = -24. Suppose 7*m - 479 + 332 = 0. Suppose -m*u + 16*u = -320. What is the highest common factor of n and u?
8
Let g(t) = 43*t + 955. Let j be g(-20). What is the highest common divisor of 125 and j?
5
Suppose -29253 = -55*p - 1398 - 4095. Calculate the greatest common factor of 108 and p.
108
Let o be 3/(15/41) - (-2)/(-10). Let k be (-13 + 9)*2/(o/34). Let d = k - -37. What is the highest common factor of 3 and d?
3
Suppose 650 = 32*a - 1782. What is the highest common factor of 1026 and a?
38
Suppose -2*p + 3*p + 3*v - 108 = 0, 0 = -p + 5*v + 140. Let r(b) = 6*b**2 - 2*b + 4. Let o be r(2). What is the greatest common divisor of p and o?
24
Let h(f) = -f + 15. Let g be h(-11). Let x be 152/(-10)*g/(156/(-45)). Calculate the highest common factor of 12 and x.
6
Let q = 2249 - 2132. Calculate the greatest common factor of 63 and q.
9
Let t(q) = -q**3 + 10*q**2 - 4*q + 13. Let a be t(7). Suppose -4*i = -2*g - 0*i + a, -g = 5*i - 87. What is the highest common factor of g and 32?
8
Let t = -260032 + 260109. Let y be (-9)/(-2)*2*11. What is the greatest common factor of t and y?
11
Let l = 1178 - -533. What is the highest common divisor of l and 29?
29
Let a = 11 + 3. Suppose 10*j = -480 + 1410. Let m be (-6 - 1)/(j/(-651)). What is the highest common factor of a and m?
7
Suppose -7*s + 1 + 13 = 0. Let d be (-6)/(-27) + (-272)/9. Let r be (d/(-8))/(6/16). What is the highest common divisor of r and s?
2
Let u be (1 - 3)*38/1. Let a be (-1 - 0)/(4/u). Suppose 1124 + 206 = 10*c. Calculate the highest common divisor of a and c.
19
Suppose -c = -24 + 2. Suppose -16 = 5*r + 3*d + 516, 0 = -r + d - 108. Let s = r + 140. What is the highest common factor of c and s?
11
Suppose 42*a - 26*a - 14032 = 0. Let y = 882 - a. Calculate the greatest common divisor of 445 and y.
5
Let f = -56 + 58. Suppose -f*l + 124 = -4*s, 0 = -l - 0*s - s + 50. What is the greatest common factor of 135 and l?
27
Let y be (-1)/(-6) - (-1197)/(-378). Let t(m) = -m + 45. Let d be t(y). What is the highest common factor of 40 and d?
8
Let j = 422 + -49. Suppose 14*k = 355 + j. Let s be 1642/18 - 4/18. Calculate the highest common factor of k and s.
13
Suppose 0 = -7*c - 224 + 42. Let v be 1*11 + 20 + c. What is the highest common factor of v and 10?
5
Suppose -28 = -13*c + 37. Suppose c*f - 4*w = -w + 849, 4*f - 678 = 2*w. Calculate the greatest common divisor of f and 24.
24
Let l be 76/2 - (0 + 0). Let n = 117997 - 117902. What is the greatest common factor of l and n?
19
Let k(p) = -15 - 10 + 31*p + 1. Let f be k(8). Let n = 344 - 312. What is the highest common divisor of f and n?
32
Let w(o) = 4*o**3 + 35*o**2 + 14*o - 48. Let h be w(-8). What is the greatest common factor of 256 and h?
32
Let w be (-8 + 5)*(-16)/12. Suppose -3*f + w = -5*f, 2*f = -2*g + 16. Calculate the greatest common factor of 110 and g.
10
Let a(w) = 935*w**2 + 136*w - 133. Let k be a(1). What is the highest common factor of k and 210?
14
Let t be 1532/((-13)/(-13)) - -12. What is the highest common factor of 16 and t?
8
Let q be 23 + -8 - ((-26 - -25) + (0 - -1)). Let h be 6/9 - 164/(-6). Suppose -97 = -5*f + h. What is the highest common divisor of q and f?
5
Let h(w) = -4*w**3 - 35*w**2 + 45*w - 10. Let x be h(-10). What is the greatest common divisor of 6920 and x?
40
Suppose 9*r - r - 96 = 0. Let i be -11*9/(-6)*(-136)/r. Let k be 2 - 0 - 1/(1/i). What is the greatest common factor of k and 21?
21
Let j be ((-6)/4)/((-1)/10). Let s = 3 + j. Let h = 58182 - 58180. What is the highest common divisor of s and h?
2
Suppose -40*v - 41*v = -62*v - 183711. Calculate the greatest common divisor of v and 33.
33
Suppose 19*d - 22*d = i - 33, 5*i - 217 = -2*d. What is the greatest common factor of 1110 and i?
15
Suppose -x + 16 = 4*w, 2*w - 2*x - 1 = -3. Suppose -4*t = -w*t - 6. Let b be 12/(-3 - (-22)/t). What is the highest common factor of 36 and b?
18
Let v = 365 - 669. Let m = 817 + v. Calculate the highest common factor of 27 and m.
27
Suppose 2*c - 4*b - 1833 = 379, 4*c + 3*b - 4391 = 0. What is the greatest common factor of 400 and c?
100
Let a(h) = -h**2 + 32*h + 305. Let o be a(38). What is the highest common divisor of 33 and o?
11
Let b(t) = t**2 - 21*t + 18. Let f be b(21). Let c = -4 + 6. Let p be 126 + 0/(6/c). Calculate the highest common divisor of f and p.
18
Let o(j) = j**3 + 47*j**2 + 92*j + 204. Let v be o(-45). Calculate the greatest common factor of v and 42.
6
Let f(g) = 31*g**2 - 45*g - 212. Let l be f(-4). What is the greatest common factor of l and 290?
58
Let l(i) = 4*i + 2. Let z be l(1). Let x = -21 + z. Let m be (-12)/x + 6/30. Calculate the highest common divisor of m and 1.
1
Suppose -1067*r = -1074*r - 224. Let o be (-1 - 39)*24/r. What is the greatest common factor of 420 and o?
30
Suppose 1105 = 5*l - 183*a + 186*a, 3*l - 667 = -a. Calculate the greatest common factor of l and 980.
28
Suppose 0 = 2*g + z - 156, 377 = 16*g - 11*g - 4*z. What is the greatest common factor of 2343 and g?
11
Let h be 1/((-4)/3*(-42)/112). Suppose -343 = -h*p - 73. Calculate the greatest common divisor of p and 15.
15
Let a(w) be the first derivative of w**3/3 - w**2 - 10*w - 6. Let q be a(-8). Let c = 8443 - 8403. Calculate the highest common factor of c and q.
10
Let x(f) = 979*f**3 + f**2 - 2*f + 2. Let i be x(1). What is the greatest common factor of i and 28?
28
Suppose 0 = 26*t - 24*t + 112. Let n = t + 44. Let q be 21/(-28) - 2217/n. Calculate the highest common divisor of 46 and q.
46
Let f = 1124 + -644. Let z = 35